{"id":225,"date":"2025-07-09T18:13:43","date_gmt":"2025-07-09T18:13:43","guid":{"rendered":"https:\/\/alejandroportela.es\/?page_id=225"},"modified":"2026-01-28T12:51:51","modified_gmt":"2026-01-28T12:51:51","slug":"alejandro-portela-solo","status":"publish","type":"page","link":"https:\/\/alejandroportela.es\/?page_id=225","title":{"rendered":"Alejandro Portela &#8211; Solo"},"content":{"rendered":"\n<h2 class=\"wp-block-heading\">Alejandro Portela<\/h2>\n\n\n\n<figure class=\"wp-block-image aligncenter size-large is-resized\"><img loading=\"lazy\" decoding=\"async\" width=\"1024\" height=\"683\" src=\"https:\/\/alejandroportela.es\/wp-content\/uploads\/2026\/01\/Concert-EGO-18-06-31-1024x683.jpeg\" alt=\"\" class=\"wp-image-277\" style=\"width:654px;height:auto\" srcset=\"https:\/\/alejandroportela.es\/wp-content\/uploads\/2026\/01\/Concert-EGO-18-06-31-1024x683.jpeg 1024w, https:\/\/alejandroportela.es\/wp-content\/uploads\/2026\/01\/Concert-EGO-18-06-31-300x200.jpeg 300w, https:\/\/alejandroportela.es\/wp-content\/uploads\/2026\/01\/Concert-EGO-18-06-31-768x512.jpeg 768w, https:\/\/alejandroportela.es\/wp-content\/uploads\/2026\/01\/Concert-EGO-18-06-31-1536x1024.jpeg 1536w, https:\/\/alejandroportela.es\/wp-content\/uploads\/2026\/01\/Concert-EGO-18-06-31-2048x1365.jpeg 2048w\" sizes=\"auto, (max-width: 1024px) 100vw, 1024px\" \/><\/figure>\n\n\n\n<p>La m\u00fasica de Alejandro Portela nace del clarinete, pero va mucho m\u00e1s all\u00e1 de \u00e9l.<br>Parte del jazz y la improvisaci\u00f3n, pero incorpora paisajes sonoros, melod\u00edas folcl\u00f3ricas, formas abiertas y b\u00fasqueda t\u00edmbrica.<br>Cada composici\u00f3n es una escena, un viaje, un gesto.<\/p>\n\n\n\n<p>Estos primeros trabajos marcaron el inicio de su camino como compositor, int\u00e9rprete y productor.<br>Son el resultado de sus primeras exploraciones en el mundo del jazz, donde el clarinete \u2014ya sea soprano o bajo\u2014 se convierte en una voz sincera, libre y profundamente expresiva.<\/p>\n\n\n\n<hr class=\"wp-block-separator has-alpha-channel-opacity is-style-dots\" style=\"margin-top:var(--wp--preset--spacing--20);margin-bottom:var(--wp--preset--spacing--20)\"\/>\n\n\n\n<h3 class=\"wp-block-heading\">Circinus (2021)<\/h3>\n\n\n\n<div class=\"wp-block-columns is-layout-flex wp-container-core-columns-is-layout-28f84493 wp-block-columns-is-layout-flex\">\n<div class=\"wp-block-column is-layout-flow wp-block-column-is-layout-flow\" style=\"flex-basis:50%\">\n<p><em>Circinus<\/em>&nbsp;es el punto de partida: 10 composiciones originales que sit\u00faan al clarinete como protagonista absoluto en un universo r\u00edtmico, urbano y directo. Con claras influencias de grupos como Lucky Chops, Leo P o Too Many Zooz, este trabajo refleja la energ\u00eda, curiosidad y exploraci\u00f3n de sus primeros pasos como compositor. Un \u00e1lbum lleno de vitalidad que anticipa la evoluci\u00f3n musical y expresiva que vendr\u00e1 m\u00e1s adelante.<\/p>\n<\/div>\n\n\n\n<div class=\"wp-block-column is-layout-flow wp-block-column-is-layout-flow\" style=\"flex-basis:50%\">\n<figure class=\"wp-block-image size-large is-resized\"><img loading=\"lazy\" decoding=\"async\" width=\"1024\" height=\"1024\" src=\"https:\/\/alejandroportela.es\/wp-content\/uploads\/2025\/07\/Circinus-3-1024x1024.png\" alt=\"\" class=\"wp-image-230\" style=\"width:309px;height:auto\" srcset=\"https:\/\/alejandroportela.es\/wp-content\/uploads\/2025\/07\/Circinus-3-1024x1024.png 1024w, https:\/\/alejandroportela.es\/wp-content\/uploads\/2025\/07\/Circinus-3-300x300.png 300w, https:\/\/alejandroportela.es\/wp-content\/uploads\/2025\/07\/Circinus-3-150x150.png 150w, https:\/\/alejandroportela.es\/wp-content\/uploads\/2025\/07\/Circinus-3-768x768.png 768w, https:\/\/alejandroportela.es\/wp-content\/uploads\/2025\/07\/Circinus-3-1536x1536.png 1536w, https:\/\/alejandroportela.es\/wp-content\/uploads\/2025\/07\/Circinus-3.png 2000w\" sizes=\"auto, (max-width: 1024px) 100vw, 1024px\" \/><figcaption class=\"wp-element-caption\"><em>Portada del \u00e1lbum Circinus<\/em><\/figcaption><\/figure>\n<\/div>\n<\/div>\n\n\n\n<figure class=\"wp-block-embed is-type-rich is-provider-spotify wp-block-embed-spotify wp-embed-aspect-21-9 wp-has-aspect-ratio\"><div class=\"wp-block-embed__wrapper\">\n<iframe title=\"Spotify Embed: Circinus\" style=\"border-radius: 12px\" width=\"100%\" height=\"352\" frameborder=\"0\" allowfullscreen allow=\"autoplay; clipboard-write; encrypted-media; fullscreen; picture-in-picture\" loading=\"lazy\" src=\"https:\/\/open.spotify.com\/embed\/album\/13gijbzck1JhXy7RNHh7Xn?si=yNH7XsaYTaegmaYjlxr2EQ&#038;utm_source=oembed\"><\/iframe>\n<\/div><\/figure>\n\n\n\n<h3 class=\"wp-block-heading\">Manhattan Mood (2023)<\/h3>\n\n\n\n<div class=\"wp-block-columns is-layout-flex wp-container-core-columns-is-layout-28f84493 wp-block-columns-is-layout-flex\">\n<div class=\"wp-block-column is-layout-flow wp-block-column-is-layout-flow\">\n<p><em>Manhattan Mood<\/em>&nbsp;es un viaje sonoro por culturas, emociones y recuerdos que marcan el \u00faltimo a\u00f1o y medio de vida del clarinetista. A lo largo de 12 composiciones originales, Alejandro dibuja paisajes donde confluyen influencias \u00e1rabes, klezmer y gallegas, con una mirada fresca y personal. Este trabajo representa tambi\u00e9n una nueva forma de entender el clarinete, llev\u00e1ndolo a sus l\u00edmites t\u00e9cnicos y expresivos, e inventando nuevas maneras de habitar el instrumento.<\/p>\n<\/div>\n\n\n\n<div class=\"wp-block-column is-layout-flow wp-block-column-is-layout-flow\">\n<figure class=\"wp-block-image size-large\"><img loading=\"lazy\" decoding=\"async\" width=\"1024\" height=\"1024\" src=\"https:\/\/alejandroportela.es\/wp-content\/uploads\/2023\/03\/Manhattan-Mood-1-1024x1024.png\" alt=\"\" class=\"wp-image-61\" srcset=\"https:\/\/alejandroportela.es\/wp-content\/uploads\/2023\/03\/Manhattan-Mood-1-1024x1024.png 1024w, https:\/\/alejandroportela.es\/wp-content\/uploads\/2023\/03\/Manhattan-Mood-1-300x300.png 300w, https:\/\/alejandroportela.es\/wp-content\/uploads\/2023\/03\/Manhattan-Mood-1-150x150.png 150w, https:\/\/alejandroportela.es\/wp-content\/uploads\/2023\/03\/Manhattan-Mood-1-768x768.png 768w, https:\/\/alejandroportela.es\/wp-content\/uploads\/2023\/03\/Manhattan-Mood-1-1536x1536.png 1536w, https:\/\/alejandroportela.es\/wp-content\/uploads\/2023\/03\/Manhattan-Mood-1-2048x2048.png 2048w, https:\/\/alejandroportela.es\/wp-content\/uploads\/2023\/03\/Manhattan-Mood-1-100x100.png 100w\" sizes=\"auto, (max-width: 1024px) 100vw, 1024px\" \/><figcaption class=\"wp-element-caption\"><em>Portada del \u00e1lbum Manhattan Mood<\/em><\/figcaption><\/figure>\n<\/div>\n<\/div>\n\n\n\n<figure class=\"wp-block-embed is-type-rich is-provider-spotify wp-block-embed-spotify wp-embed-aspect-21-9 wp-has-aspect-ratio\"><div class=\"wp-block-embed__wrapper\">\n<iframe title=\"Spotify Embed: Manhattan mood\" style=\"border-radius: 12px\" width=\"100%\" height=\"352\" frameborder=\"0\" allowfullscreen allow=\"autoplay; clipboard-write; encrypted-media; fullscreen; picture-in-picture\" loading=\"lazy\" src=\"https:\/\/open.spotify.com\/embed\/album\/6kcLnbKQaqCBJBOBBKDIQF?si=OpNfQjtWTY2YthtsP3NPsQ&#038;utm_source=oembed\"><\/iframe>\n<\/div><\/figure>\n\n\n\n<p>Tras sus dos primeros discos \u2014<em>Circinus<\/em>&nbsp;y&nbsp;<em>Manhattan Mood<\/em>\u2014, el proyecto en solitario representa un paso hacia la autoexploraci\u00f3n y la independencia creativa.<\/p>\n\n\n\n<p>Alejandro compone, graba y produce todas las partes, construyendo capas con clarinete soprano, clarinete bajo y clarinete met\u00e1lico, creando un universo sonoro completamente personal.<\/p>\n\n\n\n<p>En este formato, el jazz se entrelaza con la m\u00fasica folcl\u00f3rica, lo cinematogr\u00e1fico y la improvisaci\u00f3n, dando lugar a piezas que no encajan en una sola categor\u00eda, pero que mantienen una identidad clara: el clarinete como voz central, la emoci\u00f3n como motor, y la libertad como estructura.<\/p>\n\n\n\n<div class=\"wp-block-columns is-layout-flex wp-container-core-columns-is-layout-28f84493 wp-block-columns-is-layout-flex\">\n<div class=\"wp-block-column is-layout-flow wp-block-column-is-layout-flow\">\n<figure class=\"wp-block-embed is-type-video is-provider-youtube wp-block-embed-youtube wp-embed-aspect-16-9 wp-has-aspect-ratio\"><div class=\"wp-block-embed__wrapper\">\n<iframe loading=\"lazy\" title=\"BEST BASS CLARINET SOLO EVER (Leo P style) (Basstep)\" width=\"500\" height=\"281\" src=\"https:\/\/www.youtube.com\/embed\/xuYNhhWqwOo?feature=oembed\" frameborder=\"0\" allow=\"accelerometer; autoplay; clipboard-write; encrypted-media; gyroscope; picture-in-picture; web-share\" referrerpolicy=\"strict-origin-when-cross-origin\" allowfullscreen><\/iframe>\n<\/div><\/figure>\n<\/div>\n<\/div>\n\n\n\n<figure class=\"wp-block-embed is-type-video is-provider-youtube wp-block-embed-youtube wp-embed-aspect-16-9 wp-has-aspect-ratio\"><div class=\"wp-block-embed__wrapper\">\n<iframe loading=\"lazy\" title=\"Alejandro Portela - Back In Home Again (Official Video)\" width=\"500\" height=\"281\" src=\"https:\/\/www.youtube.com\/embed\/j40hV-830bE?feature=oembed\" frameborder=\"0\" allow=\"accelerometer; autoplay; clipboard-write; encrypted-media; gyroscope; picture-in-picture; web-share\" referrerpolicy=\"strict-origin-when-cross-origin\" allowfullscreen><\/iframe>\n<\/div><\/figure>\n","protected":false},"excerpt":{"rendered":"<p>Alejandro Portela La m\u00fasica de Alejandro Portela nace del clarinete, pero va mucho m\u00e1s all\u00e1 de \u00e9l.Parte del jazz y la improvisaci\u00f3n, pero incorpora paisajes sonoros, melod\u00edas folcl\u00f3ricas, formas abiertas y b\u00fasqueda t\u00edmbrica.Cada composici\u00f3n es una escena, un viaje, un gesto. Estos primeros trabajos marcaron el inicio de su camino como compositor, int\u00e9rprete y productor.Son [&hellip;]<\/p>\n","protected":false},"author":1,"featured_media":0,"parent":0,"menu_order":0,"comment_status":"closed","ping_status":"closed","template":"","meta":{"om_disable_all_campaigns":false,"_monsterinsights_skip_tracking":false,"_monsterinsights_sitenote_active":false,"_monsterinsights_sitenote_note":"","_monsterinsights_sitenote_category":0,"footnotes":""},"class_list":["post-225","page","type-page","status-publish","hentry"],"_links":{"self":[{"href":"https:\/\/alejandroportela.es\/index.php?rest_route=\/wp\/v2\/pages\/225","targetHints":{"allow":["GET"]}}],"collection":[{"href":"https:\/\/alejandroportela.es\/index.php?rest_route=\/wp\/v2\/pages"}],"about":[{"href":"https:\/\/alejandroportela.es\/index.php?rest_route=\/wp\/v2\/types\/page"}],"author":[{"embeddable":true,"href":"https:\/\/alejandroportela.es\/index.php?rest_route=\/wp\/v2\/users\/1"}],"replies":[{"embeddable":true,"href":"https:\/\/alejandroportela.es\/index.php?rest_route=%2Fwp%2Fv2%2Fcomments&post=225"}],"version-history":[{"count":3,"href":"https:\/\/alejandroportela.es\/index.php?rest_route=\/wp\/v2\/pages\/225\/revisions"}],"predecessor-version":[{"id":283,"href":"https:\/\/alejandroportela.es\/index.php?rest_route=\/wp\/v2\/pages\/225\/revisions\/283"}],"wp:attachment":[{"href":"https:\/\/alejandroportela.es\/index.php?rest_route=%2Fwp%2Fv2%2Fmedia&parent=225"}],"curies":[{"name":"wp","href":"https:\/\/api.w.org\/{rel}","templated":true}]}}